3/3 - 2*b**2. Let k be g(3). Give m(k).
-4
Let u(z) = z**3 + z - 1. Let f = 6 + -4. Let x(b) = -b**2 + 4*b - 3. Let y(h) = f*u(h) - x(h). Give y(2).
17
Let s(z) = -z**3 + 14*z**2 - 36*z + 140. Let t be s(12). Let c(y) be the first derivative of 1 + y - 1/2*y**2. What is c(t)?
5
Let q(r) = -50*r - 5 + 2*r**2 + 47*r - r**3 + 7 + 5. Calculate q(3).
-11
Let u(t) be the first derivative of t**3/3 - t**2/2 - 6*t - 74. Give u(4).
6
Let h(j) = -j**2 + j - 38 + 36 + 5*j. Determine h(6).
-2
Let a(m) = 2*m + 26. Let l be a(-9). Let j(f) = f**3 - 9*f**2 + 11*f - 11. Calculate j(l).
13
Let a(t) = 4*t + 1. Suppose -392 = 2*i - 392. What is a(i)?
1
Let v(p) = -4 - 55*p**2 + 19*p**2 + p**3 + 13*p**2 + 16*p**2. Give v(7).
-4
Let b(x) = -35*x**2 - x + 1. Suppose 10*m = 5*m + 2*a - 5, 0 = 2*m + a - 7. Give b(m).
-35
Let x(u) be the second derivative of 0*u**2 + 1/40*u**5 + 0 + 12*u + 1/24*u**4 - 2*u**3. Let a(b) be the second derivative of x(b). Determine a(-4).
-11
Suppose -20 = -2*w - 4. Let y(p) = -p**2 - 13 + 20 - w. Give y(-2).
-5
Suppose k - 4*k = 30. Let j = 16 + k. Let i(d) = -d + d**2 - 306 - 4*d + 305 - d. Calculate i(j).
-1
Let w(v) = 6*v - 7. Let i(q) be the first derivative of 17*q**2/2 - 19*q - 34. Let o(h) = -4*i(h) + 11*w(h). Give o(8).
-17
Suppose 3 = -3*o - 3*n, -n - 1 = -o + 6. Let x(w) = -w**2 + 4*w. Calculate x(o).
3
Let k(q) = -q**2 - 4*q - 2. Let h be k(-2). Let v(t) = -4 - 2 - 5*t + h*t + 1. Determine v(-4).
7
Let r(k) = k**2 - 32*k + 115. Let b be r(4). Let h(p) be the second derivative of p**4/12 - 2*p**3/3 - p**2 - p. Determine h(b).
-5
Suppose -20*w + 14*w = 48. Let f be (w/1)/(8 - 9). Let d(x) = -x**3 + 8*x**2 + x - 10. What is d(f)?
-2
Let o(r) = 7*r**2 + 2*r**3 - 3*r**3 - 6*r**2. Let x(m) = -2*m**2 - 11*m + 6. Let g be x(-6). Determine o(g).
0
Let n(x) = x**3 - 3*x**2 - 3*x - 2. Let p be (-6)/14 - 124/(-28). Suppose 0 = -3*c - 3*y, -24 - 4 = 3*c - p*y. Let f be (32/(-20))/(c/10). Calculate n(f).
2
Suppose 9*v = -2*v + 638. Let x(l) = -3*l**2 + 3*l**2 + 55 - 5*l + l**2 - v. Give x(6).
3
Let o(q) be the third derivative of -q**6/120 - q**5/15 + 3*q**4/8 + q**3/2 + 27*q**2. What is o(-6)?
21
Let l = 2 - -2. Let w(b) be the third derivative of -b**5/60 + b**4/4 - b**3/2 + 4*b**2. Let u be w(l). Let d(n) = n**3 - 5*n**2 + 2*n - 7. Give d(u).
3
Let c(q) be the third derivative of q**5/60 - 13*q**4/24 + 8*q**3/3 - 3*q**2. Let n be c(14). Let r = n + -30. Let f(w) = w**3 - w**2 + w + 1. Give f(r).
1
Let o = -2 - -4. Suppose 0 = c + o + 3. Let v(q) = 6*q + 7. Let y(z) = -9*z - 11. Let n(l) = c*y(l) - 8*v(l). Determine n(-2).
5
Let k = -1214 + 1228. Let s(b) = 3*b - 46. Determine s(k).
-4
Let m(p) = -7*p. Suppose 11 = -34*v + 23*v. Determine m(v).
7
Let i(p) be the second derivative of 7*p**3/6 - 93*p**2/2 + p + 94. Give i(13).
-2
Let k(y) = 22*y**3 - 1. Let j be k(1). Let c be j/(-7)*2/(-3). Let m(q) = 4*q - 1. Give m(c).
7
Let i(l) = -l**2 + 3*l + 15. Let r be i(5). Let w(q) = -q**2 + q. What is w(r)?
-20
Let p(q) = 1 + 9*q - 12*q + 3 - 3. Suppose 0 = 5*b + 2*t - 56, 3*b - 8*b = -4*t - 68. Suppose 5*z - 3*z + b = 0. What is p(z)?
19
Let y(w) be the first derivative of -w**4/4 - w**3/3 - w**2/2 - 2*w - 329. Calculate y(-2).
4
Suppose 0 = 13*y + 11 + 28. Let j(i) = 2*i**3 + i + 1. Calculate j(y).
-56
Let j(p) = p**3 - p**2 + 17. Suppose -3*u + 2*t = -2, 5*u + 6*t + 5 = t. Suppose -2*x - x = -u*x. What is j(x)?
17
Let y = 7 + -3. Let h be (-8)/(-2) + y/(-2). Let z(d) be the first derivative of 7*d**2/2 + 2*d + 9. Determine z(h).
16
Let m(h) = -h + 5. Let j be m(4). Let c be -2 - (2 - j)*1. Let v(l) be the third derivative of -l**6/120 - l**5/60 + l**4/6 + 2*l**3/3 - 31*l**2. Give v(c).
10
Suppose -2*m - j = -26, 5*j + 13 = -3*m + 4*m. Let q(r) = 26 + 7*r - 12 - m. Let w be 1/(-1) - (3 - 1). Determine q(w).
-20
Let m(k) = 4*k**2 - 2*k + 1. Let o(s) = 17*s**2 - 11*s + 3. Let p(t) = -9*m(t) + 2*o(t). Calculate p(-2).
-3
Suppose 5*f + 48 = 4*g, 0 = -0*f - 5*f - 5*g - 30. Suppose 7*y = -31 + 87. Let n(q) = q**2 + 2 + y*q - 8 + 17 - 4. Determine n(f).
7
Let l(r) be the first derivative of r**2/2 + 64. Determine l(1).
1
Let i(l) be the third derivative of -1/24*l**4 - 7*l**2 + 0 + 3/2*l**3 + 0*l. Calculate i(0).
9
Let d(s) = 4*s - 1. Let t be (-1)/((-7)/(-28)*4/(-9)). Let i be 10 - t - (-1 - (-2 + 2)). Determine d(i).
7
Let k(l) = 5*l**3 + 2*l. Suppose 5*r + 10 = -5*z, -3*z = -8*z - r - 10. What is k(z)?
-44
Let m = 1 + 1. Let h(b) = -b + 9. Let j(i) = 20*i - 90. Let y(k) = -10*h(k) - j(k). Give y(m).
-20
Let m(i) = i**3 - 5*i**2 - i + 4. Suppose -3*p + 15 = 5*o, 0 = 2*p + o - 10. Determine m(p).
-1
Suppose 4*u - 4*s = -84, u - 4*s - s + 25 = 0. Let f = u + 22. Let r be (-9)/(-6)*f + -4. Let z(l) = -2*l**3 + 2*l + 1. Determine z(r).
1
Let t(z) = 3*z**2 + 5*z - 1. Let c(p) = -4*p**2 - 6*p. Let y(u) = 2*c(u) + 3*t(u). Calculate y(-2).
-5
Let g(f) = -1. Let a(j) = 6 + 7 + 10 - 19 + j. Let r(v) = -a(v) - 4*g(v). Calculate r(1).
-1
Suppose r + 3*i = 4 + 7, 4*i - 18 = -2*r. Suppose 4*h = -h + 25. Let x(y) = -y. Let g(s) = -2*s - 7. Let q(d) = h*x(d) - g(d). What is q(r)?
-8
Let g(c) = -c**3 - 9*c**2 - 8*c - 3. Suppose -2*l + 3 + 11 = 0. Let u(r) = 3*r - 14. Let i be u(l). Suppose i*f = 10*f + 24. What is g(f)?
-3
Let p = -620 - -618. Let d(b) = -11*b + 1. Calculate d(p).
23
Let k(l) be the first derivative of 0*l**2 - 1 - 4/3*l**3 + 3*l + 1/4*l**4. Calculate k(4).
3
Let j(a) = a**2 + 10*a - 172. Let u be j(9). Let s(k) = -3 + k + k**3 + 4 + 4*k**3. What is s(u)?
-5
Suppose -c = 5*q - 18, 0 = -2*c + 3*c - 2*q + 3. Let p be ((-7)/c + 1)*(-18)/24. Let o(m) = 8*m. Determine o(p).
8
Let p = 81/8 + -61/8. Let s(b) be the first derivative of b + p*b**2 - 4. What is s(-1)?
-4
Let w(c) = -c**2 + c + 1. Let n be w(1). Let m(o) = n + 11*o - 2 + o. Suppose -3 = 4*g - v - 7, 4*g + 5*v - 4 = 0. Calculate m(g).
11
Let j(i) = i + 16. Let f be 65/(-5) + -27 + 34. Determine j(f).
10
Let a(i) = 4*i**2 - 2*i + 1 + 130*i**3 - 46*i**3 - 44*i**3 - 41*i**3. What is a(4)?
-7
Let q be (-4)/34 - 1664/884. Let u(t) = -4*t**3 + 2*t**2 - 3*t - 3. Give u(q).
43
Let x = 62 + -60. Suppose c - 24 = 5*w, -x*w + 5*w - c = -14. Let j(q) = -q**2 - 5*q + 2. Calculate j(w).
2
Let d(m) be the third derivative of -m**5/30 + m**4/8 + 7*m**3/6 + 78*m**2. What is d(5)?
-28
Let b be 4 - (-8)/(-18)*-3*-3. Let u(s) = 0*s + s + 13 - 2*s. Determine u(b).
13
Let y(t) = -t - 2. Let a(x) = -6*x + 8. Let w be a(7). Let l = -40 - w. What is y(l)?
4
Let f(l) = l + 1. Let n(v) = -7*v**2 + 2*v + 3. Let k(o) = -3*f(o) + n(o). Suppose -2*q = 3*g - 14, -q = 2*q + 4*g - 19. Determine k(q).
-8
Let t(u) be the third derivative of -1/120*u**6 + 5/6*u**3 + 0*u + 18*u**2 + 0*u**4 + 0 - 1/12*u**5. Let f(a) = -a**2 + 3*a - 1. Let r be f(4). Determine t(r).
5
Let j(q) be the second derivative of 7*q**3/6 - q**2 - 30*q. Determine j(-1).
-9
Let h = 52 - -36. Let j be (h/77)/(2/7). Let o be 4 - (j - 6 - -1). Let t(b) = b**2 - 7*b - 4. What is t(o)?
-14
Let n(b) = -b**3 + 6*b**2 - 6*b + 7. Suppose -y - 29 = -31. Suppose -j + 2*s - 1 = -0, -y*j = -3*s - 1. What is n(j)?
2
Suppose -3*g = -4*p - 10 - 9, 9 = g - 2*p. Suppose -8*v - 272 = -12*v. Let b(c) = -63*c - 2*c**2 - v*c + 130*c. Calculate b(g).
-3
Let a(w) = -3*w + 23. Let c(r) = r - 12. Suppose 3*m = -4*l - 0*m + 23, -2*m = -5*l + 23. Let n(k) = l*c(k) + 3*a(k). What is n(6)?
-15
Let f(a) be the first derivative of -a**4/4 - 5*a**3/3 + 2*a**2 - 2*a - 1. Suppose 4*g - 2*t = -32, -2*t = 4*g - 26 + 42. Determine f(g).
10
Let u(w) = w - 1. Let b = 6 - 5. Let j(a) = -a**2 - 9*a + 3. Let v(s) = b*j(s) + 5*u(s). Suppose 571*i - 570*i = -4. What is v(i)?
-2
Suppose 0 = -3*r - 6, -3*p + 83*r - 80*r - 36 = 0. Let q(f) = -f**3 - 14*f**2 - f - 12. Give q(p).
2
Let w(r) = -r**2 - 6*r - 4. Let t(n) = n**2 - 15*n + 57. Let p be t(9). Suppose p*x = 4*m + 19, 11 = -4*m + 2*x - 7*x. Determine w(m).
4
Let v(h) be the second derivative of h**7/2520 - h**6/720 + h**5/120 + 11*h**4/12 + 30*h. Let s(a) be the third derivative of v(a). What is s(4)?
13
Let f(j) = -j - 1. Let d be f(-2). Let x be 39/21 - d/(-7). Let l(n) = x + 4 + 5 - 6 - n. What is l(0)?
5
Let j(r) = r - 2. Let y(v) = 1. Let u(m) = -j(m) + 3*y(m). Let c(o) = o**2 - 9*o + 9. Let g be c(7). Let k = g + 5. Calculate u(k).
5
Let d